{"id":298,"date":"2015-10-04T22:08:39","date_gmt":"2015-10-04T21:08:39","guid":{"rendered":"http:\/\/www.communedetoeufles.fr\/?page_id=298"},"modified":"2018-01-22T12:04:58","modified_gmt":"2018-01-22T11:04:58","slug":"manoir-de-chaussoy","status":"publish","type":"page","link":"https:\/\/www.communedetoeufles.fr\/?page_id=298","title":{"rendered":"Manoir de Chaussoy"},"content":{"rendered":"<h4>Demeure remarquable du XVIII \u00e8me\u00a0 si\u00e8cle:<\/h4>\n<h6><a href=\"https:\/\/www.communedetoeufles.fr\/wp-content\/uploads\/manoir-de-chaussoy.jpg\"><img loading=\"lazy\" decoding=\"async\" class=\"alignnone size-medium wp-image-631\" src=\"https:\/\/www.communedetoeufles.fr\/wp-content\/uploads\/manoir-de-chaussoy-300x225.jpg\" alt=\"\" width=\"300\" height=\"225\" srcset=\"https:\/\/www.communedetoeufles.fr\/wp-content\/uploads\/manoir-de-chaussoy-300x225.jpg 300w, https:\/\/www.communedetoeufles.fr\/wp-content\/uploads\/manoir-de-chaussoy.jpg 550w\" sizes=\"auto, (max-width: 300px) 100vw, 300px\" \/><\/a><\/h6>\n<p>&nbsp;<\/p>\n<p>Proche\u00a0 de la Baie de Somme au c\u0153ur de la vall\u00e9e de la Trie,\u00a0 le\u00a0<em>Manoir de Chaussoy\u00a0<\/em>bord\u00e9 de pr\u00e9s et de bois repr\u00e9sente un havre de paix avec son gite et ses chambres d\u2019h\u00f4tes.<\/p>\n<p>&nbsp;<\/p>\n","protected":false},"excerpt":{"rendered":"<p>Demeure remarquable du XVIII \u00e8me\u00a0 si\u00e8cle: &nbsp; Proche\u00a0 de la Baie de Somme au c\u0153ur de la vall\u00e9e de la Trie,\u00a0 le\u00a0Manoir de Chaussoy\u00a0bord\u00e9 de pr\u00e9s et de bois repr\u00e9sente un havre de paix avec son gite et ses chambres &hellip; <a href=\"https:\/\/www.communedetoeufles.fr\/?page_id=298\">Continuer la lecture <span class=\"meta-nav\">&rarr;<\/span><\/a><\/p>\n","protected":false},"author":1,"featured_media":0,"parent":0,"menu_order":0,"comment_status":"closed","ping_status":"closed","template":"","meta":{"footnotes":""},"class_list":["post-298","page","type-page","status-publish","hentry"],"_links":{"self":[{"href":"https:\/\/www.communedetoeufles.fr\/index.php?rest_route=\/wp\/v2\/pages\/298","targetHints":{"allow":["GET"]}}],"collection":[{"href":"https:\/\/www.communedetoeufles.fr\/index.php?rest_route=\/wp\/v2\/pages"}],"about":[{"href":"https:\/\/www.communedetoeufles.fr\/index.php?rest_route=\/wp\/v2\/types\/page"}],"author":[{"embeddable":true,"href":"https:\/\/www.communedetoeufles.fr\/index.php?rest_route=\/wp\/v2\/users\/1"}],"replies":[{"embeddable":true,"href":"https:\/\/www.communedetoeufles.fr\/index.php?rest_route=%2Fwp%2Fv2%2Fcomments&post=298"}],"version-history":[{"count":6,"href":"https:\/\/www.communedetoeufles.fr\/index.php?rest_route=\/wp\/v2\/pages\/298\/revisions"}],"predecessor-version":[{"id":693,"href":"https:\/\/www.communedetoeufles.fr\/index.php?rest_route=\/wp\/v2\/pages\/298\/revisions\/693"}],"wp:attachment":[{"href":"https:\/\/www.communedetoeufles.fr\/index.php?rest_route=%2Fwp%2Fv2%2Fmedia&parent=298"}],"curies":[{"name":"wp","href":"https:\/\/api.w.org\/{rel}","templated":true}]}}