{"id":92,"date":"2015-09-25T21:03:21","date_gmt":"2015-09-25T20:03:21","guid":{"rendered":"http:\/\/www.communedetoeufles.fr\/?page_id=92"},"modified":"2015-10-05T18:34:03","modified_gmt":"2015-10-05T17:34:03","slug":"le-conseil-municipal","status":"publish","type":"page","link":"https:\/\/www.communedetoeufles.fr\/?page_id=92","title":{"rendered":"Conseil municipal"},"content":{"rendered":"<p><strong>\u00a0<\/strong><\/p>\n<p><a href=\"https:\/\/www.communedetoeufles.fr\/wp-content\/uploads\/CONSEIL-MUNICIPAL1.png\"><img loading=\"lazy\" decoding=\"async\" class=\"alignnone size-medium wp-image-245\" src=\"https:\/\/www.communedetoeufles.fr\/wp-content\/uploads\/CONSEIL-MUNICIPAL1-300x238.png\" alt=\"CONSEIL MUNICIPAL\" width=\"300\" height=\"238\" srcset=\"https:\/\/www.communedetoeufles.fr\/wp-content\/uploads\/CONSEIL-MUNICIPAL1-300x238.png 300w, https:\/\/www.communedetoeufles.fr\/wp-content\/uploads\/CONSEIL-MUNICIPAL1.png 330w\" sizes=\"auto, (max-width: 300px) 100vw, 300px\" \/><\/a><\/p>\n<p><strong>Le Maire :<\/strong> Monsieur Christian MAGNIER<\/p>\n<p><strong>Le 1 er Adjoint :<\/strong> M. Demarest Johan<\/p>\n<p><strong>Le 2 \u00e8me Adjoint :<\/strong> M. Paris Didier<\/p>\n<p><strong>Le 3\u00e8me Adjoint :<\/strong> Mme Catherine Clipet<\/p>\n<p><strong>Conseillers Municipaux :<\/strong> M. Blondel Fr\u00e9d\u00e9ric , M. Julien Cornu, M. Demonchaux David,\u00a0\u00a0 Mme\u00a0 Flicot Isabelle , M. Grincourt Adrien , , Mme\u00a0 Mellier-Fournier Isabelle,\u00a0\u00a0\u00a0\u00a0\u00a0\u00a0\u00a0\u00a0 M.Morel Didier.<\/p>\n<p>&nbsp;<\/p>\n","protected":false},"excerpt":{"rendered":"<p>\u00a0 Le Maire : Monsieur Christian MAGNIER Le 1 er Adjoint : M. Demarest Johan Le 2 \u00e8me Adjoint : M. Paris Didier Le 3\u00e8me Adjoint : Mme Catherine Clipet Conseillers Municipaux : M. Blondel Fr\u00e9d\u00e9ric , M. Julien Cornu, &hellip; <a href=\"https:\/\/www.communedetoeufles.fr\/?page_id=92\">Continuer la lecture <span class=\"meta-nav\">&rarr;<\/span><\/a><\/p>\n","protected":false},"author":1,"featured_media":0,"parent":0,"menu_order":0,"comment_status":"closed","ping_status":"closed","template":"","meta":{"footnotes":""},"class_list":["post-92","page","type-page","status-publish","hentry"],"_links":{"self":[{"href":"https:\/\/www.communedetoeufles.fr\/index.php?rest_route=\/wp\/v2\/pages\/92","targetHints":{"allow":["GET"]}}],"collection":[{"href":"https:\/\/www.communedetoeufles.fr\/index.php?rest_route=\/wp\/v2\/pages"}],"about":[{"href":"https:\/\/www.communedetoeufles.fr\/index.php?rest_route=\/wp\/v2\/types\/page"}],"author":[{"embeddable":true,"href":"https:\/\/www.communedetoeufles.fr\/index.php?rest_route=\/wp\/v2\/users\/1"}],"replies":[{"embeddable":true,"href":"https:\/\/www.communedetoeufles.fr\/index.php?rest_route=%2Fwp%2Fv2%2Fcomments&post=92"}],"version-history":[{"count":9,"href":"https:\/\/www.communedetoeufles.fr\/index.php?rest_route=\/wp\/v2\/pages\/92\/revisions"}],"predecessor-version":[{"id":323,"href":"https:\/\/www.communedetoeufles.fr\/index.php?rest_route=\/wp\/v2\/pages\/92\/revisions\/323"}],"wp:attachment":[{"href":"https:\/\/www.communedetoeufles.fr\/index.php?rest_route=%2Fwp%2Fv2%2Fmedia&parent=92"}],"curies":[{"name":"wp","href":"https:\/\/api.w.org\/{rel}","templated":true}]}}